z) be the second derivative of z**7/2520 + z**5/60 + z**4/2 - 2*z. Let f(d) be the third derivative of i(d). Determine f(-2).
6
Let y be 2/(3/((-390)/4)). Let a = 27 + y. Let i = -33 - a. Let n(s) = s**3 - 4*s**2 - 5*s - 5. Calculate n(i).
-5
Let a(x) be the third derivative of -x**7/5040 + x**6/180 + 17*x**5/30 + 15*x**2. Let p(g) be the third derivative of a(g). What is p(5)?
-1
Let c(g) = -g**2 - 3*g + 3. Let z(q) = -q + 2. Let x be z(-2). Let a(o) = o**2 + 3*o - 2. Let v(t) = x*c(t) + 6*a(t). Determine v(-4).
8
Let p(o) = 9*o + 1. Suppose -53*d + 59 = -153. Give p(d).
37
Suppose 1 + 35 = 2*y. Suppose -y = -5*j + p, j + 2*p - 6 = 2. Let t(x) = -x**2 + 3*x - 4. What is t(j)?
-8
Let z(y) be the second derivative of y**4/12 - 11*y**3/6 - 4*y**2 - y - 61. Calculate z(12).
4
Let a(y) = y - 5. Suppose 30*r - 27 = -4*j + 33*r, 3*j - 34 = 5*r. Give a(j).
-2
Let q(z) = 11*z**3 + 10*z**2 + 6*z - 34. Let m(o) = -31*o**3 - 30*o**2 - 16*o + 100. Let d(a) = 6*m(a) + 17*q(a). Give d(9).
-5
Let j(q) = -3*q**2 - 22*q + 1. Let i be j(-7). Let t(w) = -2*w + 18. What is t(i)?
2
Let b(h) = 11*h**2 - 2*h + 13. Let n(l) be the second derivative of -17*l**4/12 + l**3/2 - 10*l**2 + 3*l. Let c(v) = -8*b(v) - 5*n(v). Give c(3).
-28
Let t(n) = -n**3 + 4*n**2 + 2*n - 1. Suppose 29 = 4*s - 79. Suppose 4*h + 5*h = -225. Let i = s + h. Determine t(i).
11
Let w(x) = 2*x - x - 2*x + 6. Let u(b) = -b**2 + 12*b - 25. Let j be u(9). Suppose 0 = -j*v + 34 - 46. Determine w(v).
12
Let c(i) = -i**3 + 10*i**2 + 44*i - 71. Let v be c(13). Suppose 3*h - 11 = 4. Let f(g) = g**3 + 5*g**2 - 4*g**2 + h*g**2 - 3. Determine f(v).
-3
Suppose 0 = 10*u - 74 + 24. Suppose w - 1 = p, 5*w - 4*p - u = 3. Let l(h) = 2*h - 3. Let m(a) = -a + 3. Let s(x) = -3*l(x) - 2*m(x). Determine s(w).
-13
Let s(z) = z - 1. Let b be (-1 - -3)/(-16 + 18). Let c(n) = -n + 2. Let o(g) = b*c(g) + 2*s(g). Give o(7).
7
Let f(z) be the third derivative of z**6/720 - z**5/40 - 7*z**4/6 + 10*z**2. Let j(s) be the second derivative of f(s). What is j(-4)?
-7
Let k = 28 + -31. Let m(a) be the third derivative of a**4/6 + a**3/3 + a**2. Let s(z) = 7*z + 4. Let t(b) = k*s(b) + 5*m(b). What is t(2)?
-4
Let m(l) be the first derivative of -l**4/4 + 3*l**3 + l**2/2 - 4*l + 7. Let s = 223 - 214. What is m(s)?
5
Let k(h) be the first derivative of h**5/20 + 5*h**4/12 - 5*h**3/6 + h**2/2 + h - 29. Let z(o) be the first derivative of k(o). What is z(-6)?
-5
Let r = 0 - 2. Let i(u) = -1792*u**2 + 1790*u**2 - 5*u + 3*u. Determine i(r).
-4
Suppose -t = 3 - 5. Let z(v) = 97*v + 98*v + v**t + 1 + 12*v**3 - 193*v. Calculate z(-1).
-12
Let n(a) = a**3 + 2*a - 1. Let w(f) = -5*f**3 + 12*f**2 - 6*f + 2. Let k(b) = -4*n(b) - w(b). Calculate k(12).
-22
Let z = -182 + 177. Let y(m) = -m**2 - 5*m - 6. What is y(z)?
-6
Let q(j) = 9*j**2 - 7*j + 7. Let t(r) = 4*r**2 - 3*r + 3. Let h = 4 + -2. Let o(w) = h*q(w) - 5*t(w). What is o(2)?
-7
Let i(d) = 8*d + 3. Let o(x) = x**2 + x. Let k(m) = -m + 3. Let p be k(2). Let t(a) = p*o(a) + i(a). What is t(-9)?
3
Let i(v) = 3*v - 4*v**2 + 0*v + 4 + 936*v**3 - 937*v**3. Determine i(-5).
14
Let x(q) = 2*q - 17. Let g be x(11). Suppose -5*j + 5*s = 0, g*s + 2 = 4*j - 0*s. Let y(h) = -h**3 - 4*h**2 - 4*h - 2. What is y(j)?
-2
Let x = -48 - -97/2. Let h(c) be the second derivative of c - x*c**3 + 0 - 1/3*c**4 - 1/2*c**2 - 1/20*c**5. What is h(-2)?
-3
Let h(t) = -5*t + 5 - 3*t + 9*t. Give h(-3).
2
Let c(h) = 2*h - 11. Let p(d) = 2*d**2 - 6*d + 1. Let z be p(4). Let l(o) = 5*o - 22. Let i(f) = z*c(f) - 4*l(f). Let n be i(-5). Let r(k) = 5*k**2. Give r(n).
5
Suppose -b = -3*b + 4. Suppose l - y - 5 = -3*y, -4*l - 5*y + 17 = 0. Let z(f) = -f**2 - b + 1 + l + 2 - 3*f. What is z(-5)?
-6
Let y = -16 - -31. Let b(q) = -3*q + 11 - q**2 - y - 6*q. Determine b(-8).
4
Let a(w) = -w**3 - 2*w**2 - w + 2. Let q(c) = c**2 + c - 1. Let y(h) = -4*h**2 + 4*h. Let n(x) = 3*q(x) + y(x). Let u be n(7). Let t = u - 0. Calculate a(t).
14
Let h(f) = 2*f - 4. Suppose 2*j - 3*s = 5 - 12, 4*j - 2*s - 6 = 0. Let n(r) = -r**2 + 5*r. Let v be n(j). Calculate h(v).
4
Suppose 0*y = -5*y + 5. Suppose 0 = 7*r - 8*r - y. Let w(u) = 2*u. What is w(r)?
-2
Let i(b) = -b**2 - 6*b - 2. Let a(d) = d**3 - 10*d. Let v be a(3). What is i(v)?
7
Let w(i) = -i - 2. Let b(v) be the third derivative of -1/30*v**6 + 3*v**2 - 1/24*v**4 + 0 + 1/6*v**3 + 0*v - 1/60*v**5. Let m be b(1). Determine w(m).
3
Let d(o) = -o**2 - 2*o - 2. Let n(j) = -49*j**2 + 11*j + 12. Let l(p) = 6*d(p) + n(p). Calculate l(1).
-56
Let i = 66 - 30. Let r be i/8*12/9. Suppose -r*w + 2*w = 20. Let j(s) = -s**3 - 4*s**2 + 7*s. What is j(w)?
-10
Let i(p) = -2*p + p + 13 + 10*p - 10*p. What is i(0)?
13
Let y = 37 - 35. Let a(h) = 3*h - 2*h**2 + h + h**2 - y*h. Give a(-2).
-8
Let h = 47 + 25. Suppose 3*c = 4*r - c + h, 85 = -5*r + 4*c. Let s = r - -13. Let w(l) = l + 3. Give w(s).
3
Let k(d) = 5*d**3 - d**2 + 2*d - 1. Suppose -2*r = j - 7, -2*r + 4*j - 18 = -0*j. Calculate k(r).
5
Let c(s) = -s**2 - 6*s + 2. Let d = -42 + 42. Suppose d*i - n + 21 = -5*i, -3*i - 5*n = 35. What is c(i)?
7
Let y(n) = -7*n - 3. Let s(h) = 6*h + 4. Let c(o) = -2*s(o) - 3*y(o). Let b = 2346 - 2347. Give c(b).
-8
Let x(z) = -z**3 - 5*z**2 - 6*z - 6. Suppose 75 = -2*f + 17. Let o = f - -13. Let t = 12 + o. What is x(t)?
2
Suppose -2*a + 2*g = a - 22, 0 = -2*g + 2. Let h(u) = -3*u + 24. Let x be h(a). Let w(c) = c**3 + c**2 + c - 11. Give w(x).
-11
Suppose 29*l = 58*l - 435. Let r(h) = -h + 21. Determine r(l).
6
Let t(q) = q + 3. Let v = 5 + -5. Let i be (0/(-3))/(4 - 6). Let n be -2 - (i - -2) - v. What is t(n)?
-1
Let w(v) be the third derivative of v**4/24 - 2*v**3/3 + 577*v**2. Suppose -d = -5*o - 11, o + d - 5*d + 6 = 0. Let f be o*1 + 6 + -1. Calculate w(f).
-1
Let j(h) = -1 - 1 + 140*h - 133*h + h**2. Let t(k) = -6*k**2 - k - 2. Let g be t(-1). Calculate j(g).
-2
Let z(q) = -3*q**3 - q**2 + 1. Suppose 4*h - 3*h - 4 = 0. Suppose -h*d - 2 = -2*d. Let c = 0 + d. Give z(c).
3
Let u = 395 + -393. Let z(b) be the third derivative of 0 - 5*b**u + 0*b + 2/3*b**3 + 1/24*b**4. Give z(-3).
1
Let i(y) = -y**3 + 2*y**2. Let d be i(2). Let j(r) = -2*r + r**2 + 1 + r + 2*r - r**3. Calculate j(d).
1
Let c(h) = -11*h**2 + 16*h - 45. Let o(b) = 5*b**2 - 8*b + 21. Let m(j) = -4*c(j) - 9*o(j). Determine m(7).
-2
Let c = -7 - -9. Let l(n) = 2*n - 3*n + c*n - 2*n - 1. Let t be ((-4)/5)/(2/10). Calculate l(t).
3
Suppose 4*j = -5*a + 3*a + 8, -8 = -2*j. Let z(d) = d**2 + d - 9. Calculate z(a).
3
Let c = -1 - -3. Suppose -3 = y - c. Let l be (7 - 6)*(1 + y). Let q(x) = -x**3 - 1. What is q(l)?
-1
Let j(a) = -7 - 4*a**2 + 1517*a - 1524*a + 3*a**2. Determine j(-6).
-1
Let j(y) be the second derivative of y**5/10 + y**4/3 + y**3/6 + 3*y**2/2 - 62*y + 2. What is j(-3)?
-18
Let x(p) = p - 1. Let s = 3 - 9. Let m(b) = 4*b - 11. Let k(q) = s*x(q) + m(q). Calculate k(-5).
5
Let b = -4 + 10. Let k(w) be the first derivative of -w**3/3 + 7*w**2/2 - 2*w - 9. What is k(b)?
4
Suppose -3*m = 4*w - 24, 2*m + m = 4*w. Let i = 2 + 4. Let x(d) = 2*d**2 - d - 3. Let y(b) = -2*b**2 + b + 3. Let h(f) = i*y(f) + 7*x(f). Calculate h(w).
12
Let r(c) = -c**2 - 7*c - 9. Suppose 11*n - 202 + 15 = 0. Suppose 15*h - n*h = 12. Determine r(h).
-3
Let z(b) = 4*b**3 + 2*b**2 + 15 - 6 - 10. What is z(1)?
5
Let w = -592 - -596. Let i(z) = 2*z - 7. Calculate i(w).
1
Let i(c) = 0*c**2 + 5*c + c**2 + 5*c + 4 + 0*c**2 + 0*c**2. Calculate i(-8).
-12
Let y(g) be the second derivative of g**4/12 + 4*g**3/3 - 2*g**2 - 119*g. Determine y(-8).
-4
Let w(r) = -4*r - 22. Let z(x) = 11*x + 64. Let v(t) = -8*w(t) - 3*z(t). Determine v(-13).
-3
Suppose -3*y - 5*u = 23, y = -4*y - u - 9. Let m(n) be the second derivative of 13*n**4/12 - n**3/3 - n**2/2 + 4*n. Give m(y).
14
Let f(j) = j**2 + 24*j - 50. Let i be f(-26). Let k(g) = -5*g + 5*g + 0*g + 3 - 4*g. Determine k(i).
-5
Let d(b) be the third derivative of b**6/120 - b**5/6 + b**4/24 - b**3/2 + 14*b**2 - 2. What is d(10)?
7
Let l = -5 + 10. Let k(i) = -18 + 22 + l*i + 2*i. Let b(q) = -7*q - 3. Let s(r) = -4*b(r) - 3*k(r). What is s(-1)?
-7
Suppose -5*a + 8 = 2*f + f, -12 = 5*f + 2*a. Let y(g) = -1 - 1 + 322*g**2 - 323*g**2. What is y(f)?
-18
Let m(k) = 2*k - 8. Let s be m(6). Let q(j) = 5*j**2 + s*j**3 - 6*j - 10*j**3 + 7*j**3 +